Calculate the remainder when 1187 is divided by 13.
4
Calculate the remainder when 3295 is divided by 66.
61
Calculate the remainder when 394 is divided by 98.
2
Calculate the remainder when 98 is divided by 53.
45
Calculate the remainder when 175 is divided by 47.
34
What is the remainder when 500 is divided by 244?
12
What is the remainder when 4107 is divided by 16?
11
Calculate the remainder when 199 is divided by 29.
25
Calculate the remainder when 199 is divided by 34.
29
Calculate the remainder when 153 is divided by 50.
3
What is the remainder when 179 is divided by 30?
29
Calculate the remainder when 460 is divided by 10.
0
Calculate the remainder when 750 is divided by 31.
6
Calculate the remainder when 11479 is divided by 328.
327
Calculate the remainder when 585 is divided by 285.
15
What is the remainder when 2929 is divided by 33?
25
What is the remainder when 3 is divided by 3?
0
What is the remainder when 604 is divided by 95?
34
What is the remainder when 596 is divided by 46?
44
What is the remainder when 168 is divided by 132?
36
Calculate the remainder when 71 is divided by 32.
7
What is the remainder when 129 is divided by 47?
35
What is the remainder when 36 is divided by 18?
0
Calculate the remainder when 361 is divided by 95.
76
Calculate the remainder when 1834 is divided by 80.
74
What is the remainder when 187 is divided by 39?
31
Calculate the remainder when 41 is divided by 9.
5
Calculate the remainder when 328 is divided by 99.
31
What is the remainder when 88 is divided by 19?
12
What is the remainder when 755 is divided by 12?
11
Calculate the remainder when 45 is divided by 1.
0
Calculate the remainder when 835 is divided by 31.
29
Calculate the remainder when 1405 is divided by 74.
73
Calculate the remainder when 617 is divided by 69.
65
What is the remainder when 3209 is divided by 214?
213
Calculate the remainder when 298 is divided by 166.
132
What is the remainder when 8746 is divided by 25?
21
Calculate the remainder when 210 is divided by 78.
54
Calculate the remainder when 1128 is divided by 160.
8
What is the remainder when 136 is divided by 15?
1
Calculate the remainder when 1156 is divided by 73.
61
What is the remainder when 178 is divided by 20?
18
Calculate the remainder when 2446 is divided by 107.
92
What is the remainder when 672 is divided by 3?
0
Calculate the remainder when 105 is divided by 63.
42
Calculate the remainder when 604 is divided by 49.
16
What is the remainder when 157 is divided by 29?
12
What is the remainder when 657 is divided by 219?
0
Calculate the remainder when 1063 is divided by 14.
13
Calculate the remainder when 1013 is divided by 167.
11
Calculate the remainder when 879 is divided by 138.
51
What is the remainder when 121 is divided by 69?
52
Calculate the remainder when 453 is divided by 55.
13
What is the remainder when 136 is divided by 23?
21
Calculate the remainder when 3947 is divided by 3946.
1
What is the remainder when 176 is divided by 30?
26
Calculate the remainder when 1084 is divided by 257.
56
What is the remainder when 298 is divided by 135?
28
What is the remainder when 111 is divided by 56?
55
What is the remainder when 794 is divided by 143?
79
Calculate the remainder when 1267 is divided by 51.
43
What is the remainder when 598 is divided by 12?
10
What is the remainder when 76 is divided by 27?
22
What is the remainder when 91 is divided by 27?
10
Calculate the remainder when 202 is divided by 9.
4
Calculate the remainder when 9728 is divided by 5.
3
Calculate the remainder when 298 is divided by 50.
48
Calculate the remainder when 1177 is divided by 145.
17
Calculate the remainder when 169 is divided by 60.
49
What is the remainder when 473 is divided by 25?
23
What is the remainder when 1321 is divided by 63?
61
What is the remainder when 711 is divided by 51?
48
What is the remainder when 555 is divided by 208?
139
Calculate the remainder when 71 is divided by 8.
7
Calculate the remainder when 741 is divided by 124.
121
What is the remainder when 154 is divided by 44?
22
Calculate the remainder when 6797 is divided by 100.
97
What is the remainder when 1053 is divided by 8?
5
What is the remainder when 460 is divided by 154?
152
What is the remainder when 318 is divided by 29?
28
What is the remainder when 892 is divided by 52?
8
What is the remainder when 40 is divided by 6?
4
Calculate the remainder when 39 is divided by 20.
19
Calculate the remainder when 107 is divided by 24.
11
What is the remainder when 21 is divided by 15?
6
Calculate the remainder when 580 is divided by 188.
16
What is the remainder when 175 is divided by 49?
28
Calculate the remainder when 2400 is divided by 410.
350
What is the remainder when 726 is divided by 193?
147
What is the remainder when 739 is divided by 241?
16
What is the remainder when 844 is divided by 28?
4
Calculate the remainder when 439 is divided by 13.
10
Calculate the remainder when 2509 is divided by 81.
79
What is the remainder when 7507 is divided by 28?
3
What is the remainder when 441 is divided by 263?
178
What is the remainder when 2462 is divided by 800?
62
Calculate the remainder when 384 is divided by 30.
24
What is the remainder when 186 is divided by 43?
14
Calculate the remainder when 346 is divided by 29.
27
What is the remainder when 1193 is divided by 92?
89
What is the remainder when 1211 is divided by 174?
167
What is the remainder when 217 is divided by 55?
52
What is the remainder when 415 is divided by 105?
100
Calculate the remainder when 813 is divided by 48.
45
What is the remainder when 5999 is divided by 100?
99
What is the remainder when 46638 is divided by 44?
42
What is the remainder when 81 is divided by 31?
19
What is the remainder when 3 is divided by 2?
1
What is the remainder when 1718 is divided by 63?
17
What is the remainder when 485 is divided by 43?
12
Calculate the remainder when 2839 is divided by 9.
4
Calculate the remainder when 2516 is divided by 210.
206
What is the remainder when 219 is divided by 76?
67
Calculate the remainder when 923 is divided by 6.
5
Calculate the remainder when 1999 is divided by 26.
23
Calculate the remainder when 45 is divided by 16.
13
What is the remainder when 413 is divided by 42?
35
What is the remainder when 2157 is divided by 18?
15
What is the remainder when 22606 is divided by 13?
12
What is the remainder when 72 is divided by 19?
15
Calculate the remainder when 38351 is divided by 136.
135
What is the remainder when 432 is divided by 209?
14
Calculate the remainder when 5353 is divided by 51.
49
What is the remainder when 2516 is divided by 24?
20
What is the remainder when 1144 is divided by 41?
37
Calculate the remainder when 53 is divided by 22.
9
Calculate the remainder when 80 is divided by 36.
8
Calculate the remainder when 191 is divided by 28.
23
What is the remainder when 15580 is divided by 159?
157
What is the remainder when 1465 is divided by 379?
328
What is the remainder when 170 is divided by 44?
38
Calculate the remainder when 676 is divided by 343.
333
Calculate the remainder when 12340 is divided by 28.
20
Calculate the remainder when 2434 is divided by 23.
19
What is the remainder when 2510 is divided by 8?
6
Calculate the remainder when 1548 is divided by 31.
29
What is the remainder when 206 is divided by 190?
16
What is the remainder when 465 is divided by 36?
33
Calculate the remainder when 288 is divided by 14.
8
What is the remainder when 229 is divided by 21?
19
What is the remainder when 312 is divided by 77?
4
What is the remainder when 54 is divided by 7?
5
What is the remainder when 102 is divided by 76?
26
Calculate the remainder when 629 is divided by 45.
44
Calculate the remainder when 317 is divided by 19.
13
What is the remainder when 6062 is divided by 5?
2
Calculate the remainder when 218 is divided by 55.
53
What is the remainder when 1178 is divided by 10?
8
Calculate the remainder when 2564 is divided by 852.
8
Calculate the remainder when 1007 is divided by 335.
2
Calculate the remainder when 36 is divided by 5.
1
What is the remainder when 122 is divided by 109?
13
What is the remainder when 1059 is divided by 20?
19
What is the remainder when 6 is divided by 3?
0
Calculat